{"id":363,"date":"2020-06-05T12:56:57","date_gmt":"2020-06-05T12:56:57","guid":{"rendered":"http:\/\/heimbeatmung-ade.de\/?page_id=363"},"modified":"2020-06-05T17:59:36","modified_gmt":"2020-06-05T17:59:36","slug":"jobs","status":"publish","type":"page","link":"https:\/\/heimbeatmung-ade.de\/?page_id=363","title":{"rendered":"Jobs"},"content":{"rendered":"\t\t<div data-elementor-type=\"wp-page\" data-elementor-id=\"363\" class=\"elementor elementor-363\" data-elementor-settings=\"[]\">\n\t\t\t<div class=\"elementor-inner\">\n\t\t\t\t<div class=\"elementor-section-wrap\">\n\t\t\t\t\t\t\t<section class=\"elementor-element elementor-element-447642a0 elementor-section-boxed elementor-section-height-default elementor-section-height-default elementor-section elementor-top-section\" data-id=\"447642a0\" data-element_type=\"section\">\n\t\t\t\t\t\t<div class=\"elementor-container elementor-column-gap-default\">\n\t\t\t\t<div class=\"elementor-row\">\n\t\t\t\t<div class=\"elementor-element elementor-element-678d4a78 elementor-column elementor-col-100 elementor-top-column\" data-id=\"678d4a78\" data-element_type=\"column\">\n\t\t\t<div class=\"elementor-column-wrap  elementor-element-populated\">\n\t\t\t\t\t<div class=\"elementor-widget-wrap\">\n\t\t\t\t<div class=\"elementor-element elementor-element-30d8e750 animated-slow elementor-invisible elementor-widget elementor-widget-text-editor\" data-id=\"30d8e750\" data-element_type=\"widget\" data-settings=\"{&quot;_animation&quot;:&quot;zoomIn&quot;,&quot;_animation_delay&quot;:1500}\" data-widget_type=\"text-editor.default\">\n\t\t\t\t<div class=\"elementor-widget-container\">\n\t\t\t\t\t<div class=\"elementor-text-editor elementor-clearfix\"><p><!-- wp:heading {\"level\":6} --><\/p>\n<h3><span style=\"color: #000000\">Stellenanzeigen<\/span><\/h3>\n<h3><span style=\"color: #000000\"><img loading=\"lazy\" decoding=\"async\" class=\"size-full wp-image-431 alignleft\" src=\"http:\/\/heimbeatmung-ade.de\/wp-content\/uploads\/2020\/06\/adult-3051623_640.jpg\" alt=\"\" width=\"640\" height=\"426\" srcset=\"https:\/\/heimbeatmung-ade.de\/wp-content\/uploads\/2020\/06\/adult-3051623_640.jpg 640w, https:\/\/heimbeatmung-ade.de\/wp-content\/uploads\/2020\/06\/adult-3051623_640-300x200.jpg 300w\" sizes=\"auto, (max-width: 640px) 100vw, 640px\" \/><\/span><\/h3>\n<h5><span style=\"color: #333300\"><br \/>Gesundheitspfleger m\/w,<\/span><br \/><span style=\"color: #333300\">Krankenpfleger m\/w,<\/span><br \/><span style=\"color: #333300\">Altenpfleger m\/w<\/span><\/h5>\n<p><!-- \/wp:heading --><!-- wp:paragraph --><\/p>\n<p><strong><br \/>Sie haben :<\/strong><\/p>\n<p><!-- \/wp:paragraph --><!-- wp:list --><\/p>\n<ul>\n<li>eine abgeschlossene Ausbildung zum\/zur Gesundheits- <br \/>und Krankenpfleger\/in oder als Altenpfleger\/in<\/li>\n<li>soziale Kompetenz und Teamf\u00e4higkeit<\/li>\n<li>Spass an der Arbeit und Flexibilit\u00e4t im Schichtdienst<\/li>\n<li>eigenverantwortliches, selbst\u00e4ndiges Arbeiten<br \/><br \/><\/li>\n<\/ul>\n<p><!-- \/wp:list --><!-- wp:paragraph --><\/p>\n<p><strong>Wir haben:<\/strong><\/p>\n<p><!-- \/wp:paragraph --><!-- wp:list --><\/p>\n<ul>\n<li>ein interessanten und vielseitigen Beruf<\/li>\n<li>tolles Team<\/li>\n<li>Betriebliche Weiterbildungsangebote<\/li>\n<\/ul>\n<p><!-- \/wp:list --><\/p><\/div>\n\t\t\t\t<\/div>\n\t\t\t\t<\/div>\n\t\t\t\t\t\t<\/div>\n\t\t\t<\/div>\n\t\t<\/div>\n\t\t\t\t\t\t<\/div>\n\t\t\t<\/div>\n\t\t<\/section>\n\t\t\t\t\t\t<\/div>\n\t\t\t<\/div>\n\t\t<\/div>\n\t\t","protected":false},"excerpt":{"rendered":"<p>Stellenanzeigen Gesundheitspfleger m\/w,Krankenpfleger m\/w,Altenpfleger m\/w Sie haben : eine abgeschlossene Ausbildung zum\/zur Gesundheits- und Krankenpfleger\/in oder als Altenpfleger\/in soziale Kompetenz und Teamf\u00e4higkeit Spass an der Arbeit und Flexibilit\u00e4t im Schichtdienst eigenverantwortliches, selbst\u00e4ndiges Arbeiten Wir haben: ein interessanten und vielseitigen Beruf tolles Team Betriebliche Weiterbildungsangebote<\/p>\n","protected":false},"author":1,"featured_media":0,"parent":0,"menu_order":0,"comment_status":"closed","ping_status":"closed","template":"","meta":{"footnotes":""},"class_list":["post-363","page","type-page","status-publish","hentry"],"_links":{"self":[{"href":"https:\/\/heimbeatmung-ade.de\/index.php?rest_route=\/wp\/v2\/pages\/363","targetHints":{"allow":["GET"]}}],"collection":[{"href":"https:\/\/heimbeatmung-ade.de\/index.php?rest_route=\/wp\/v2\/pages"}],"about":[{"href":"https:\/\/heimbeatmung-ade.de\/index.php?rest_route=\/wp\/v2\/types\/page"}],"author":[{"embeddable":true,"href":"https:\/\/heimbeatmung-ade.de\/index.php?rest_route=\/wp\/v2\/users\/1"}],"replies":[{"embeddable":true,"href":"https:\/\/heimbeatmung-ade.de\/index.php?rest_route=%2Fwp%2Fv2%2Fcomments&post=363"}],"version-history":[{"count":6,"href":"https:\/\/heimbeatmung-ade.de\/index.php?rest_route=\/wp\/v2\/pages\/363\/revisions"}],"predecessor-version":[{"id":448,"href":"https:\/\/heimbeatmung-ade.de\/index.php?rest_route=\/wp\/v2\/pages\/363\/revisions\/448"}],"wp:attachment":[{"href":"https:\/\/heimbeatmung-ade.de\/index.php?rest_route=%2Fwp%2Fv2%2Fmedia&parent=363"}],"curies":[{"name":"wp","href":"https:\/\/api.w.org\/{rel}","templated":true}]}}